or of 108 and 576.
36
What is the highest common divisor of 117588 and 239?
239
What is the highest common divisor of 15 and 405?
15
What is the highest common divisor of 20544 and 321?
321
Calculate the highest common divisor of 756 and 168.
84
What is the greatest common factor of 80 and 25?
5
Calculate the highest common factor of 62 and 1054.
62
What is the greatest common divisor of 70 and 1078?
14
What is the highest common factor of 267 and 3?
3
What is the highest common factor of 5452 and 188?
188
Calculate the greatest common divisor of 4 and 56.
4
What is the greatest common factor of 28 and 259?
7
What is the highest common divisor of 609 and 63?
21
What is the greatest common divisor of 3013 and 23?
23
Calculate the greatest common divisor of 20303 and 514.
257
Calculate the highest common factor of 1876 and 28.
28
What is the greatest common divisor of 3807 and 611?
47
Calculate the greatest common divisor of 9 and 11367.
9
Calculate the highest common divisor of 10 and 2.
2
Calculate the greatest common factor of 35024 and 66.
22
What is the highest common factor of 1548 and 1818?
18
Calculate the highest common divisor of 10 and 320.
10
What is the highest common divisor of 162 and 246?
6
Calculate the highest common divisor of 640 and 5.
5
Calculate the highest common factor of 45 and 3885.
15
What is the highest common factor of 23 and 529?
23
What is the highest common factor of 26 and 2?
2
Calculate the greatest common factor of 120 and 24.
24
What is the greatest common factor of 4251 and 78?
39
Calculate the greatest common divisor of 91 and 52.
13
Calculate the greatest common factor of 174 and 18.
6
What is the greatest common factor of 714 and 42?
42
What is the highest common divisor of 162 and 762?
6
Calculate the greatest common factor of 36 and 52.
4
Calculate the greatest common factor of 1665 and 36.
9
What is the greatest common divisor of 14881 and 69?
23
Calculate the greatest common divisor of 88 and 2552.
88
Calculate the highest common divisor of 5 and 40615.
5
What is the highest common divisor of 91 and 260?
13
What is the highest common divisor of 2596 and 44?
44
What is the greatest common divisor of 29 and 109997?
29
Calculate the greatest common factor of 45 and 3135.
15
Calculate the highest common divisor of 36 and 9.
9
Calculate the greatest common factor of 2147 and 247.
19
Calculate the highest common factor of 33 and 3597.
33
What is the highest common factor of 134 and 5?
1
What is the highest common divisor of 17 and 2652?
17
What is the greatest common factor of 535 and 95?
5
What is the highest common factor of 53 and 1?
1
Calculate the greatest common divisor of 39 and 60.
3
What is the highest common divisor of 1590 and 90?
30
What is the highest common factor of 16 and 5144?
8
Calculate the highest common divisor of 172 and 4.
4
What is the highest common factor of 8 and 7496?
8
Calculate the highest common divisor of 4382 and 112.
14
Calculate the highest common factor of 10 and 565.
5
What is the highest common divisor of 162 and 4968?
54
Calculate the greatest common divisor of 609 and 783.
87
What is the highest common divisor of 77 and 539?
77
What is the greatest common factor of 1550 and 500?
50
Calculate the highest common factor of 6534 and 162.
54
Calculate the greatest common divisor of 2782 and 52.
26
What is the highest common factor of 40 and 10820?
20
Calculate the highest common divisor of 38 and 38.
38
Calculate the highest common factor of 1024 and 64.
64
What is the highest common factor of 3 and 12?
3
What is the greatest common divisor of 798 and 84?
42
What is the greatest common factor of 12 and 30?
6
Calculate the greatest common factor of 1058 and 230.
46
Calculate the greatest common factor of 1170 and 54.
18
What is the greatest common divisor of 7 and 889?
7
What is the highest common factor of 374 and 476?
34
Calculate the greatest common divisor of 55 and 2365.
55
What is the greatest common divisor of 268 and 8978?
134
Calculate the greatest common factor of 418 and 88.
22
Calculate the greatest common divisor of 1050 and 315.
105
What is the highest common factor of 11 and 8558?
11
What is the highest common divisor of 650 and 2?
2
Calculate the greatest common factor of 14 and 8.
2
What is the greatest common factor of 44 and 1265?
11
What is the greatest common divisor of 22 and 341?
11
What is the greatest common divisor of 6 and 141?
3
Calculate the greatest common factor of 644 and 299.
23
Calculate the highest common factor of 17 and 425.
17
Calculate the highest common divisor of 84 and 36.
12
What is the greatest common divisor of 1158 and 114?
6
Calculate the highest common factor of 1272 and 24.
24
What is the greatest common factor of 1305 and 495?
45
What is the greatest common divisor of 425 and 595?
85
What is the highest common factor of 231 and 319?
11
Calculate the greatest common factor of 4552 and 16.
8
Calculate the greatest common factor of 329 and 141.
47
Calculate the highest common divisor of 167 and 14.
1
Calculate the greatest common divisor of 620 and 60.
20
Calculate the greatest common divisor of 5375 and 559.
43
Calculate the highest common factor of 715 and 65.
65
What is the greatest common factor of 81 and 810?
81
Calculate the greatest common factor of 533 and 26.
13
Calculate the greatest common divisor of 221 and 13.
13
What is the greatest common divisor of 130 and 104?
26
What is the greatest common factor of 6146 and 56?
14
Calculate the highest common factor of 21 and 1169.
7
Calculate the highest common divisor of 2023 and 34.
17
Calculate the highest common divisor of 30 and 402.
6
What is the greatest common divisor of 364 and 8918?
182
What is the greatest common divisor of 60 and 48?
12
What is the greatest common factor of 105 and 63?
21
What is the greatest common divisor of 11398 and 164?
82
Calculate the greatest common factor of 56 and 24.
8
Calculate the highest common factor of 320 and 48.
16
What is the greatest common factor of 156 and 208?
52
What is the highest common factor of 11529 and 189?
189
Calculate the highest common divisor of 1258 and 296.
74
Calculate the greatest common factor of 192 and 1680.
48
What is the greatest common divisor of 405 and 15?
15
Calculate the highest common divisor of 218 and 34.
2
Calculate the greatest common divisor of 11 and 1177.
11
Calculate the highest common divisor of 36 and 892.
4
Calculate the highest common divisor of 12566 and 122.
122
Calculate the highest common factor of 142 and 1278.
142
Calculate the highest common factor of 1600 and 3040.
160
Calculate the highest common factor of 2782 and 39.
13
What is the highest common factor of 60 and 84?
12
Calculate the highest common factor of 3780 and 392.
28
What is the greatest common factor of 204 and 60?
12
What is the greatest common divisor of 8096 and 552?
184
Calculate the highest common divisor of 252 and 9.
9
What is the greatest common divisor of 830 and 40?
10
Calculate the highest common factor of 96 and 24.
24
What is the highest common factor of 77 and 3773?
77
What is the greatest common factor of 436 and 6758?
218
Calculate the highest common factor of 114 and 36138.
114
What is the greatest common divisor of 36 and 48?
12
Calculate the greatest common factor of 642 and 12.
6
What is the greatest common divisor of 558 and 162?
18
Calculate the highest common divisor of 45 and 36.
9
Calculate the highest common divisor of 478 and 5.
1
Calculate the greatest common divisor of 25 and 3475.
25
What is the greatest common factor of 90 and 1026?
18
Calculate the highest common factor of 30 and 2028.
6
What is the highest common factor of 450 and 6540?
30
What is the highest common factor of 105 and 135?
15
Calculate the greatest common factor of 23995 and 5.
5
What is the greatest common divisor of 217 and 155?
31
Calculate the highest common factor of 10 and 145.
5
Calculate the highest common factor of 170 and 9214.
34
Calculate the highest common factor of 40 and 5090.
10
Calculate the greatest common divisor of 38 and 266.
38
What is the highest common divisor of 70 and 574?
14
Calculate the greatest common divisor of 288 and 12888.
72
Calculate the greatest common divisor of 392 and 476.
